{"version":"1.0","provider_name":"Kancelaria Prawna \/ Adwokat, Radca Prawny, Detektyw","provider_url":"https:\/\/veriv.eu","title":"Prawo Autorskie i Pokrewne - Kancelaria Prawna \/ Adwokat, Radca Prawny, Detektyw","type":"rich","width":600,"height":338,"html":"<blockquote class=\"wp-embedded-content\" data-secret=\"Xpicef6WI2\"><a href=\"https:\/\/veriv.eu\/index.php\/2019\/04\/23\/prawo-autorskie-i-pokrewne\/\">Prawo Autorskie i Pokrewne<\/a><\/blockquote><iframe sandbox=\"allow-scripts\" security=\"restricted\" src=\"https:\/\/veriv.eu\/index.php\/2019\/04\/23\/prawo-autorskie-i-pokrewne\/embed\/#?secret=Xpicef6WI2\" width=\"600\" height=\"338\" title=\"&#8222;Prawo Autorskie i Pokrewne&#8221; &#8212; Kancelaria Prawna \/ Adwokat, Radca Prawny, Detektyw\" data-secret=\"Xpicef6WI2\" frameborder=\"0\" marginwidth=\"0\" marginheight=\"0\" scrolling=\"no\" class=\"wp-embedded-content\"><\/iframe><script type=\"text\/javascript\">\n\/* <![CDATA[ *\/\n\/*! This file is auto-generated *\/\n!function(d,l){\"use strict\";l.querySelector&&d.addEventListener&&\"undefined\"!=typeof URL&&(d.wp=d.wp||{},d.wp.receiveEmbedMessage||(d.wp.receiveEmbedMessage=function(e){var t=e.data;if((t||t.secret||t.message||t.value)&&!\/[^a-zA-Z0-9]\/.test(t.secret)){for(var s,r,n,a=l.querySelectorAll('iframe[data-secret=\"'+t.secret+'\"]'),o=l.querySelectorAll('blockquote[data-secret=\"'+t.secret+'\"]'),c=new RegExp(\"^https?:$\",\"i\"),i=0;i<o.length;i++)o[i].style.display=\"none\";for(i=0;i<a.length;i++)s=a[i],e.source===s.contentWindow&&(s.removeAttribute(\"style\"),\"height\"===t.message?(1e3<(r=parseInt(t.value,10))?r=1e3:~~r<200&&(r=200),s.height=r):\"link\"===t.message&&(r=new URL(s.getAttribute(\"src\")),n=new URL(t.value),c.test(n.protocol))&&n.host===r.host&&l.activeElement===s&&(d.top.location.href=t.value))}},d.addEventListener(\"message\",d.wp.receiveEmbedMessage,!1),l.addEventListener(\"DOMContentLoaded\",function(){for(var e,t,s=l.querySelectorAll(\"iframe.wp-embedded-content\"),r=0;r<s.length;r++)(t=(e=s[r]).getAttribute(\"data-secret\"))||(t=Math.random().toString(36).substring(2,12),e.src+=\"#?secret=\"+t,e.setAttribute(\"data-secret\",t)),e.contentWindow.postMessage({message:\"ready\",secret:t},\"*\")},!1)))}(window,document);\n\/* ]]> *\/\n<\/script>\n","thumbnail_url":"https:\/\/veriv.eu\/wp-content\/uploads\/2019\/04\/Prawa-autorskie-i-pokrewne-1.jpg","thumbnail_width":1024,"thumbnail_height":638,"description":"Jak powszechnie wiadomo, ochrona praw autorskich dzieli si\u0119 na autorskie prawa osobiste oraz autorskie prawa maj\u0105tkowe. Te pierwsze podlegaj\u0105 ochronie bezterminowo, natomiast te drugie trac\u0105 wa\u017cno\u015b\u0107 po up\u0142ywie siedemdziesi\u0119ciu lat od dnia \u015bmierci tw\u00f3rcy. Z kolei w kwestii, jak\u0105 jest przeniesienie autorskich praw maj\u0105tkowych, istnieje szereg obostrze\u0144 prawnych. Nikogo nie trzeba przekonywa\u0107, \u017ce nale\u017cy odpowiednio [&hellip;]"}

Jak powszechnie wiadomo, ochrona praw autorskich dzieli się na autorskie prawa osobiste oraz autorskie prawa majątkowe. Te pierwsze podlegają ochronie bezterminowo, natomiast te drugie tracą ważność po upływie siedemdziesięciu lat od dnia śmierci twórcy. Z kolei w kwestii, jaką jest przeniesienie autorskich praw majątkowych, istnieje szereg obostrzeń prawnych. Nikogo nie trzeba przekonywać, że należy odpowiednio [&hellip;]
